6 is divided by 30.
16
What is the remainder when 115 is divided by 32?
19
Calculate the remainder when 809 is divided by 55.
39
What is the remainder when 1216 is divided by 17?
9
What is the remainder when 466 is divided by 85?
41
What is the remainder when 6539 is divided by 58?
43
Calculate the remainder when 2490 is divided by 48.
42
Calculate the remainder when 2094 is divided by 13.
1
Calculate the remainder when 410 is divided by 138.
134
Calculate the remainder when 45 is divided by 18.
9
Calculate the remainder when 57 is divided by 4.
1
What is the remainder when 1470 is divided by 46?
44
What is the remainder when 3227 is divided by 170?
167
Calculate the remainder when 88 is divided by 32.
24
Calculate the remainder when 46 is divided by 24.
22
What is the remainder when 138 is divided by 35?
33
Calculate the remainder when 154 is divided by 146.
8
Calculate the remainder when 661 is divided by 637.
24
Calculate the remainder when 23222 is divided by 237.
233
What is the remainder when 30 is divided by 13?
4
Calculate the remainder when 411 is divided by 20.
11
What is the remainder when 46 is divided by 11?
2
Calculate the remainder when 427 is divided by 11.
9
What is the remainder when 216 is divided by 17?
12
What is the remainder when 2270 is divided by 6?
2
What is the remainder when 1442 is divided by 76?
74
Calculate the remainder when 196 is divided by 68.
60
What is the remainder when 17890 is divided by 21?
19
Calculate the remainder when 230 is divided by 14.
6
Calculate the remainder when 1493 is divided by 75.
68
Calculate the remainder when 88 is divided by 15.
13
Calculate the remainder when 309 is divided by 8.
5
What is the remainder when 461 is divided by 148?
17
Calculate the remainder when 2571 is divided by 21.
9
Calculate the remainder when 241 is divided by 11.
10
What is the remainder when 1149 is divided by 115?
114
Calculate the remainder when 1337 is divided by 223.
222
What is the remainder when 598 is divided by 73?
14
Calculate the remainder when 12512 is divided by 6254.
4
Calculate the remainder when 908 is divided by 33.
17
Calculate the remainder when 64 is divided by 45.
19
What is the remainder when 1365 is divided by 342?
339
What is the remainder when 519 is divided by 23?
13
Calculate the remainder when 172 is divided by 46.
34
What is the remainder when 37 is divided by 6?
1
What is the remainder when 277 is divided by 239?
38
Calculate the remainder when 405 is divided by 199.
7
What is the remainder when 662 is divided by 10?
2
What is the remainder when 360 is divided by 11?
8
What is the remainder when 31351 is divided by 402?
397
Calculate the remainder when 271 is divided by 25.
21
What is the remainder when 203 is divided by 40?
3
Calculate the remainder when 387 is divided by 27.
9
Calculate the remainder when 379 is divided by 77.
71
What is the remainder when 346 is divided by 90?
76
What is the remainder when 778 is divided by 86?
4
Calculate the remainder when 303 is divided by 4.
3
Calculate the remainder when 3968 is divided by 12.
8
What is the remainder when 1215 is divided by 58?
55
What is the remainder when 497 is divided by 48?
17
Calculate the remainder when 19270 is divided by 6417.
19
Calculate the remainder when 1581 is divided by 112.
13
What is the remainder when 46 is divided by 13?
7
What is the remainder when 658 is divided by 208?
34
Calculate the remainder when 50 is divided by 34.
16
What is the remainder when 20 is divided by 11?
9
What is the remainder when 563 is divided by 38?
31
What is the remainder when 3085 is divided by 1026?
7
What is the remainder when 22 is divided by 12?
10
What is the remainder when 714 is divided by 239?
236
Calculate the remainder when 2040 is divided by 146.
142
What is the remainder when 1608 is divided by 27?
15
What is the remainder when 102 is divided by 52?
50
Calculate the remainder when 425 is divided by 21.
5
Calculate the remainder when 178 is divided by 23.
17
What is the remainder when 611 is divided by 343?
268
Calculate the remainder when 903 is divided by 221.
19
Calculate the remainder when 118 is divided by 37.
7
Calculate the remainder when 18 is divided by 3.
0
Calculate the remainder when 22 is divided by 5.
2
What is the remainder when 113 is divided by 25?
13
What is the remainder when 527 is divided by 12?
11
What is the remainder when 640 is divided by 640?
0
Calculate the remainder when 13 is divided by 4.
1
Calculate the remainder when 1662 is divided by 21.
3
What is the remainder when 66 is divided by 59?
7
Calculate the remainder when 28 is divided by 10.
8
What is the remainder when 125 is divided by 8?
5
What is the remainder when 233 is divided by 12?
5
What is the remainder when 100 is divided by 34?
32
Calculate the remainder when 819 is divided by 103.
98
What is the remainder when 406 is divided by 145?
116
Calculate the remainder when 814 is divided by 12.
10
Calculate the remainder when 954 is divided by 68.
2
Calculate the remainder when 962 is divided by 14.
10
Calculate the remainder when 13 is divided by 9.
4
What is the remainder when 186 is divided by 21?
18
What is the remainder when 3036 is divided by 1010?
6
What is the remainder when 98 is divided by 76?
22
What is the remainder when 78 is divided by 37?
4
Calculate the remainder when 119 is divided by 57.
5
Calculate the remainder when 124 is divided by 16.
12
What is the remainder when 93 is divided by 89?
4
What is the remainder when 253 is divided by 27?
10
What is the remainder when 432 is divided by 44?
36
Calculate the remainder when 1011 is divided by 46.
45
What is the remainder when 3382 is divided by 72?
70
Calculate the remainder when 427 is divided by 27.
22
What is the remainder when 601 is divided by 569?
32
What is the remainder when 1072 is divided by 337?
61
What is the remainder when 87 is divided by 26?
9
What is the remainder when 242 is divided by 62?
56
What is the remainder when 7079 is divided by 3?
2
What is the remainder when 45 is divided by 18?
9
What is the remainder when 221 is divided by 23?
14
What is the remainder when 537 is divided by 265?
7
What is the remainder when 800 is divided by 157?
15
What is the remainder when 1484 is divided by 432?
188
Calculate the remainder when 303 is divided by 156.
147
What is the remainder when 23 is divided by 13?
10
What is the remainder when 509 is divided by 9?
5
What is the remainder when 886 is divided by 64?
54
Calculate the remainder when 110 is divided by 56.
54
Calculate the remainder when 33 is divided by 21.
12
What is the remainder when 202 is divided by 24?
10
Calculate the remainder when 4737 is divided by 34.
11
What is the remainder when 261 is divided by 64?
5
Calculate the remainder when 1345 is divided by 15.
10
Calculate the remainder when 80946 is divided by 343.
341
Calculate the remainder when 25 is divided by 16.
9
Calculate the remainder when 79 is divided by 12.
7
What is the remainder when 3355 is divided by 189?
142
What is the remainder when 129 is divided by 68?
61
Calculate the remainder when 600 is divided by 37.
8
What is the remainder when 135 is divided by 29?
19
Calculate the remainder when 76 is divided by 58.
18
What is the remainder when 498 is divided by 140?
78
What is the remainder when 257 is divided by 20?
17
What is the remainder when 184 is divided by 64?
56
Calculate the remainder when 247 is divided by 22.
5
Calculate the remainder when 439 is divided by 173.
93
Calculate the remainder when 164 is divided by 29.
19
What is the remainder when 949 is divided by 136?
133
Calculate the remainder when 8363 is divided by 1393.
5
What is the remainder when 9533 is divided by 2?
1
What is the remainder when 166 is divided by 82?
2
What is the remainder when 21386 is divided by 186?
182
What is the remainder when 32 is divided by 12?
8
Calculate the remainder when 2702 is divided by 16.
14
Calculate the remainder when 415 is divided by 138.
1
Calculate the remainder when 35698 is divided by 19.
16
What is the remainder when 399 is divided by 14?
7
Calculate the remainder when 150 is divided by 17.
14
What is the remainder when 598 is divided by 147?
10
Calculate the remainder when 906 is divided by 834.
72
Calculate